{"id":2005,"date":"2012-11-06T10:25:27","date_gmt":"2012-11-06T10:25:27","guid":{"rendered":"https:\/\/www.dosimetria.com\/laboratorio\/"},"modified":"2021-07-20T13:30:30","modified_gmt":"2021-07-20T11:30:30","slug":"laboratorio","status":"publish","type":"page","link":"https:\/\/www.dosimetria.com\/ca\/laboratorio\/","title":{"rendered":"Laboratori"},"content":{"rendered":"<p>&nbsp;<\/p>\n<p>El m\u00e8tode d\u2019assaig utilitzat a centro de dosimetria es descriu en el procediment intern &#8220;PRT 5.4.1 Determinaci\u00f3 de la dosi equivalent personal&#8221;, es basa en IEC 62387 (2012) i est\u00e0 <a href=\"https:\/\/www.enac.es\/documents\/7020\/1aac045f-566f-4610-a3a2-7c0c7697e42d\">acreditat per ENAC<\/a> segons els criteris de la norma ISO\/IEC 17025. L&#8217;\u00e0rea t\u00e8cnica \u00e9s la responsable de l&#8217;aplicaci\u00f3 del m\u00e8tode, de l\u2019assegurament de la qualitat del assaig i de l&#8217;emissi\u00f3 dels informes de resultats, determinant la dosi equivalent mitjan\u00e7ant la lectura dels dos\u00edmetres assignats als usuaris.<\/p>\n<p>El laboratori \u00e9s independent, imparcial i sense pressions de la resta de l&#8217;organitzaci\u00f3, i t\u00e9 la capacitat adequada per al volum dels assaigs fets. Disposa de personal totalment capacitat per a la realitzaci\u00f3 de les seves funcions i una de les seves prioritats \u00e9s fomentar la millora cont\u00ednua, tant mitjan\u00e7ant la recerca i el desenvolupament dels seus productes, com controlant i assegurant l&#8217;efic\u00e0cia i l&#8217;efici\u00e8ncia dels processos t\u00e8cnics duts a terme.<\/p>\n<p>L&#8217;\u00e0rea t\u00e8cnica est\u00e0 formada per tres divisions contig\u00fces:<\/p>\n<ul>\n<li>El laboratori \u00e9s una sala independent exclusivament dedicada a la realitzaci\u00f3 d&#8217;assaigs dosim\u00e8trics (no hi ha llocs de treball). L&#8217;acc\u00e9s a la sala est\u00e0 restringit i les condicions ambientals s\u00f3n controlades segons les necessitats dels equips.<\/li>\n<li>El departament de f\u00edsica, on s&#8217;ubica el personal t\u00e8cnic que t\u00e9 la responsabilitat de verificar els assaigs i els informes.<\/li>\n<li>El taller, on treballa el personal operatiu responsable de la c\u00e0rrega dels equips i, alhora, de fer les manipulacions dels dos\u00edmetres, prenent les mesures necess\u00e0ries per assegurar-ne la tra\u00e7abilitat i la seguretat.<\/li>\n<\/ul>\n","protected":false},"excerpt":{"rendered":"<p>&nbsp; El m\u00e8tode d\u2019assaig utilitzat a centro de dosimetria es descriu en el procediment intern &#8220;PRT 5.4.1 Determinaci\u00f3 de la dosi equivalent personal&#8221;, es basa en IEC 62387 (2012) i est\u00e0 acreditat per ENAC segons els criteris de la norma ISO\/IEC 17025. L&#8217;\u00e0rea t\u00e8cnica \u00e9s la responsable de l&#8217;aplicaci\u00f3 del m\u00e8tode, de l\u2019assegurament de la [&hellip;]<\/p>\n","protected":false},"author":22,"featured_media":0,"parent":0,"menu_order":4,"comment_status":"closed","ping_status":"closed","template":"page-imagensuperior.php","meta":{"_acf_changed":false,"footnotes":""},"class_list":["post-2005","page","type-page","status-publish","hentry"],"acf":[],"_links":{"self":[{"href":"https:\/\/www.dosimetria.com\/ca\/wp-json\/wp\/v2\/pages\/2005"}],"collection":[{"href":"https:\/\/www.dosimetria.com\/ca\/wp-json\/wp\/v2\/pages"}],"about":[{"href":"https:\/\/www.dosimetria.com\/ca\/wp-json\/wp\/v2\/types\/page"}],"author":[{"embeddable":true,"href":"https:\/\/www.dosimetria.com\/ca\/wp-json\/wp\/v2\/users\/22"}],"replies":[{"embeddable":true,"href":"https:\/\/www.dosimetria.com\/ca\/wp-json\/wp\/v2\/comments?post=2005"}],"version-history":[{"count":0,"href":"https:\/\/www.dosimetria.com\/ca\/wp-json\/wp\/v2\/pages\/2005\/revisions"}],"wp:attachment":[{"href":"https:\/\/www.dosimetria.com\/ca\/wp-json\/wp\/v2\/media?parent=2005"}],"curies":[{"name":"wp","href":"https:\/\/api.w.org\/{rel}","templated":true}]}}

<p>&nbsp;</p>
<p>El mètode d’assaig utilitzat a centro de dosimetria es descriu en el procediment intern &#8220;PRT 5.4.1 Determinació de la dosi equivalent personal&#8221;, es basa en IEC 62387 (2012) i està <a href="https://www.enac.es/documents/7020/1aac045f-566f-4610-a3a2-7c0c7697e42d">acreditat per ENAC</a> segons els criteris de la norma ISO/IEC 17025. L&#8217;àrea tècnica és la responsable de l&#8217;aplicació del mètode, de l’assegurament de la qualitat del assaig i de l&#8217;emissió dels informes de resultats, determinant la dosi equivalent mitjançant la lectura dels dosímetres assignats als usuaris.</p>
<p>El laboratori és independent, imparcial i sense pressions de la resta de l&#8217;organització, i té la capacitat adequada per al volum dels assaigs fets. Disposa de personal totalment capacitat per a la realització de les seves funcions i una de les seves prioritats és fomentar la millora contínua, tant mitjançant la recerca i el desenvolupament dels seus productes, com controlant i assegurant l&#8217;eficàcia i l&#8217;eficiència dels processos tècnics duts a terme.</p>
<p>L&#8217;àrea tècnica està formada per tres divisions contigües:</p>
<ul>
<li>El laboratori és una sala independent exclusivament dedicada a la realització d&#8217;assaigs dosimètrics (no hi ha llocs de treball). L&#8217;accés a la sala està restringit i les condicions ambientals són controlades segons les necessitats dels equips.</li>
<li>El departament de física, on s&#8217;ubica el personal tècnic que té la responsabilitat de verificar els assaigs i els informes.</li>
<li>El taller, on treballa el personal operatiu responsable de la càrrega dels equips i, alhora, de fer les manipulacions dels dosímetres, prenent les mesures necessàries per assegurar-ne la traçabilitat i la seguretat.</li>
</ul>

<p>&nbsp; El mètode d’assaig utilitzat a centro de dosimetria es descriu en el procediment intern &#8220;PRT 5.4.1 Determinació de la dosi equivalent personal&#8221;, es basa en IEC 62387 (2012) i està acreditat per ENAC segons els criteris de la norma ISO/IEC 17025. L&#8217;àrea tècnica és la responsable de l&#8217;aplicació del mètode, de l’assegurament de la [&hellip;]</p>
