{"id":1135,"date":"2012-10-25T11:32:11","date_gmt":"2012-10-25T11:32:11","guid":{"rendered":"http:\/\/www.dosimetria.com\/dosimetria\/dosimetria-individual\/cuerpo-entero\/"},"modified":"2016-06-27T11:26:36","modified_gmt":"2016-06-27T09:26:36","slug":"cuerpo-entero","status":"publish","type":"page","link":"https:\/\/www.dosimetria.com\/pt-pt\/dosimetria\/dosimetria-individual\/cuerpo-entero\/","title":{"rendered":"Corpo inteiro"},"content":{"rendered":"<p style=\"text-align: justify;\">O controlo dosim\u00e9trico habitual realiza-se mediante os dos\u00edmetros individuais denominados de corpo inteiro, calibrados em doses equivalente pessoal superficial H<sub>P<\/sub>(0.07) e profunda H<sub>P<\/sub>(10).<\/p>\n<ul style=\"text-align: justify;\">\n<li>V\u00e3o protegidos por uma caixa de policarbonato transparente e com uma presilha para a correcta coloca\u00e7\u00e3o do dos\u00edmetro.<\/li>\n<li>Os\u00a0dos\u00edmetros mensais s\u00e3o de cor azul e amarelo, utilizando-se o de cor azul durante os meses pares e o amarelo durante os meses \u00edmpares.\u00a0Os dos\u00edmetros trimestrais s\u00e3o\u00a0de cor\u00a0preto ou laranja. A\u00a0cor azul e amarela dos trimestres pares ou \u00edmpares se observa na placa interior.<\/li>\n<\/ul>\n<p style=\"text-align: justify;\">Normas b\u00e1sicas de uso:<\/p>\n<ul style=\"text-align: justify;\">\n<li>O dos\u00edmetro \u00e9 pessoal e intransfer\u00edvel.<\/li>\n<li>Deve-se usar durante todo o dia de trabalho e n\u00e3o\u00a0debe ser retirado\u00a0do centro de trabalho.<\/li>\n<li>Deve ser pendurado no torso com a cara anterior, na qual consta o nome do usu\u00e1rio, vis\u00edvel.<\/li>\n<li>Deve-se colocar por baixo de qualquer protec\u00e7\u00e3o que se utilize, como por exemplo um avental de chumbo.<\/li>\n<\/ul>\n<p style=\"text-align: justify;\">\n","protected":false},"excerpt":{"rendered":"<p>O controlo dosim\u00e9trico habitual realiza-se mediante os dos\u00edmetros individuais denominados de corpo inteiro, calibrados em doses equivalente pessoal superficial HP(0.07) e profunda HP(10). V\u00e3o protegidos por uma caixa de policarbonato transparente e com uma presilha para a correcta coloca\u00e7\u00e3o do dos\u00edmetro. Os\u00a0dos\u00edmetros mensais s\u00e3o de cor azul e amarelo, utilizando-se o de cor azul durante [&hellip;]<\/p>\n","protected":false},"author":22,"featured_media":0,"parent":1029,"menu_order":1,"comment_status":"closed","ping_status":"closed","template":"page-imagensuperior.php","meta":{"_acf_changed":false,"footnotes":""},"class_list":["post-1135","page","type-page","status-publish","hentry"],"acf":[],"_links":{"self":[{"href":"https:\/\/www.dosimetria.com\/pt-pt\/wp-json\/wp\/v2\/pages\/1135"}],"collection":[{"href":"https:\/\/www.dosimetria.com\/pt-pt\/wp-json\/wp\/v2\/pages"}],"about":[{"href":"https:\/\/www.dosimetria.com\/pt-pt\/wp-json\/wp\/v2\/types\/page"}],"author":[{"embeddable":true,"href":"https:\/\/www.dosimetria.com\/pt-pt\/wp-json\/wp\/v2\/users\/22"}],"replies":[{"embeddable":true,"href":"https:\/\/www.dosimetria.com\/pt-pt\/wp-json\/wp\/v2\/comments?post=1135"}],"version-history":[{"count":0,"href":"https:\/\/www.dosimetria.com\/pt-pt\/wp-json\/wp\/v2\/pages\/1135\/revisions"}],"up":[{"embeddable":true,"href":"https:\/\/www.dosimetria.com\/pt-pt\/wp-json\/wp\/v2\/pages\/1029"}],"wp:attachment":[{"href":"https:\/\/www.dosimetria.com\/pt-pt\/wp-json\/wp\/v2\/media?parent=1135"}],"curies":[{"name":"wp","href":"https:\/\/api.w.org\/{rel}","templated":true}]}}

<p style="text-align: justify;">O controlo dosimétrico habitual realiza-se mediante os dosímetros individuais denominados de corpo inteiro, calibrados em doses equivalente pessoal superficial H<sub>P</sub>(0.07) e profunda H<sub>P</sub>(10).</p>
<ul style="text-align: justify;">
<li>Vão protegidos por uma caixa de policarbonato transparente e com uma presilha para a correcta colocação do dosímetro.</li>
<li>Os dosímetros mensais são de cor azul e amarelo, utilizando-se o de cor azul durante os meses pares e o amarelo durante os meses ímpares. Os dosímetros trimestrais são de cor preto ou laranja. A cor azul e amarela dos trimestres pares ou ímpares se observa na placa interior.</li>
</ul>
<p style="text-align: justify;">Normas básicas de uso:</p>
<ul style="text-align: justify;">
<li>O dosímetro é pessoal e intransferível.</li>
<li>Deve-se usar durante todo o dia de trabalho e não debe ser retirado do centro de trabalho.</li>
<li>Deve ser pendurado no torso com a cara anterior, na qual consta o nome do usuário, visível.</li>
<li>Deve-se colocar por baixo de qualquer protecção que se utilize, como por exemplo um avental de chumbo.</li>
</ul>
<p style="text-align: justify;">

<p>O controlo dosimétrico habitual realiza-se mediante os dosímetros individuais denominados de corpo inteiro, calibrados em doses equivalente pessoal superficial HP(0.07) e profunda HP(10). Vão protegidos por uma caixa de policarbonato transparente e com uma presilha para a correcta colocação do dosímetro. Os dosímetros mensais são de cor azul e amarelo, utilizando-se o de cor azul durante [&hellip;]</p>
