{"id":1138,"date":"2012-10-25T11:34:48","date_gmt":"2012-10-25T11:34:48","guid":{"rendered":"http:\/\/www.dosimetria.com\/dosimetria\/dosimetria-individual\/muneca\/"},"modified":"2016-06-27T11:30:02","modified_gmt":"2016-06-27T09:30:02","slug":"extremidades-muneca","status":"publish","type":"page","link":"https:\/\/www.dosimetria.com\/pt-pt\/dosimetria\/dosimetria-individual\/extremidades-muneca\/","title":{"rendered":"Pulso"},"content":{"rendered":"<p style=\"text-align: justify;\">As\u00a0pessoas que pelo seu tipo de trabalho precisem da avalia\u00e7\u00e3o da dose equivalente nas extremidades, podem utilizar os dos\u00edmetros de pulso, al\u00e9m do dos\u00edmetro de corpo inteiro.<\/p>\n<ul style=\"text-align: justify;\">\n<li>T\u00eam a mesma configura\u00e7\u00e3o que o dos\u00edmetro de corpo inteiro e se enviam ao usu\u00e1rio identificados da mesma maneira que estes.<\/li>\n<li>V\u00e3o protegidos por uma caixa de policarbonato transparente e com uma pulseira para a sua coloca\u00e7\u00e3o\u00a0como um\u00a0rel\u00f3gio.<\/li>\n<li>S\u00e3o sempre de cor branco. A\u00a0cor azul e amarela dos meses ou trimestres pares\u00a0e \u00edmpares se observa na placa interior.<\/li>\n<\/ul>\n<p>Normas b\u00e1sicas de uso:<\/p>\n<ul>\n<li>O dos\u00edmetro \u00e9 pessoal e intransfer\u00edvel.<\/li>\n<li>Deve-se usar durante todo o dia de trabalho e n\u00e3o\u00a0deve ser retirado\u00a0do centro de trabalho.<\/li>\n<li>Deve-se colocar por baixo de qualquer protec\u00e7\u00e3o que se utilize e na extremidade mais exposta \u00e0 radia\u00e7\u00e3o do usu\u00e1rio, esquerda ou direita em fun\u00e7\u00e3o do seu tipo e procedimentos de trabalho.<\/li>\n<\/ul>\n<p style=\"text-align: justify;\">Este tipo de dos\u00edmetro recomenda-se para uso em Radiodisgn\u00f3stico, Radioterapia e Intervencionismo.<\/p>\n<p style=\"text-align: justify;\">\n","protected":false},"excerpt":{"rendered":"<p>As\u00a0pessoas que pelo seu tipo de trabalho precisem da avalia\u00e7\u00e3o da dose equivalente nas extremidades, podem utilizar os dos\u00edmetros de pulso, al\u00e9m do dos\u00edmetro de corpo inteiro. T\u00eam a mesma configura\u00e7\u00e3o que o dos\u00edmetro de corpo inteiro e se enviam ao usu\u00e1rio identificados da mesma maneira que estes. V\u00e3o protegidos por uma caixa de policarbonato [&hellip;]<\/p>\n","protected":false},"author":22,"featured_media":0,"parent":1029,"menu_order":2,"comment_status":"closed","ping_status":"closed","template":"page-imagensuperior.php","meta":{"_acf_changed":false,"footnotes":""},"class_list":["post-1138","page","type-page","status-publish","hentry"],"acf":[],"_links":{"self":[{"href":"https:\/\/www.dosimetria.com\/pt-pt\/wp-json\/wp\/v2\/pages\/1138"}],"collection":[{"href":"https:\/\/www.dosimetria.com\/pt-pt\/wp-json\/wp\/v2\/pages"}],"about":[{"href":"https:\/\/www.dosimetria.com\/pt-pt\/wp-json\/wp\/v2\/types\/page"}],"author":[{"embeddable":true,"href":"https:\/\/www.dosimetria.com\/pt-pt\/wp-json\/wp\/v2\/users\/22"}],"replies":[{"embeddable":true,"href":"https:\/\/www.dosimetria.com\/pt-pt\/wp-json\/wp\/v2\/comments?post=1138"}],"version-history":[{"count":0,"href":"https:\/\/www.dosimetria.com\/pt-pt\/wp-json\/wp\/v2\/pages\/1138\/revisions"}],"up":[{"embeddable":true,"href":"https:\/\/www.dosimetria.com\/pt-pt\/wp-json\/wp\/v2\/pages\/1029"}],"wp:attachment":[{"href":"https:\/\/www.dosimetria.com\/pt-pt\/wp-json\/wp\/v2\/media?parent=1138"}],"curies":[{"name":"wp","href":"https:\/\/api.w.org\/{rel}","templated":true}]}}

<p style="text-align: justify;">As pessoas que pelo seu tipo de trabalho precisem da avaliação da dose equivalente nas extremidades, podem utilizar os dosímetros de pulso, além do dosímetro de corpo inteiro.</p>
<ul style="text-align: justify;">
<li>Têm a mesma configuração que o dosímetro de corpo inteiro e se enviam ao usuário identificados da mesma maneira que estes.</li>
<li>Vão protegidos por uma caixa de policarbonato transparente e com uma pulseira para a sua colocação como um relógio.</li>
<li>São sempre de cor branco. A cor azul e amarela dos meses ou trimestres pares e ímpares se observa na placa interior.</li>
</ul>
<p>Normas básicas de uso:</p>
<ul>
<li>O dosímetro é pessoal e intransferível.</li>
<li>Deve-se usar durante todo o dia de trabalho e não deve ser retirado do centro de trabalho.</li>
<li>Deve-se colocar por baixo de qualquer protecção que se utilize e na extremidade mais exposta à radiação do usuário, esquerda ou direita em função do seu tipo e procedimentos de trabalho.</li>
</ul>
<p style="text-align: justify;">Este tipo de dosímetro recomenda-se para uso em Radiodisgnóstico, Radioterapia e Intervencionismo.</p>
<p style="text-align: justify;">

<p>As pessoas que pelo seu tipo de trabalho precisem da avaliação da dose equivalente nas extremidades, podem utilizar os dosímetros de pulso, além do dosímetro de corpo inteiro. Têm a mesma configuração que o dosímetro de corpo inteiro e se enviam ao usuário identificados da mesma maneira que estes. Vão protegidos por uma caixa de policarbonato [&hellip;]</p>
