{"id":1271,"date":"2012-11-06T11:38:05","date_gmt":"2012-11-06T11:38:05","guid":{"rendered":"http:\/\/www.dosimetria.com\/servicios-sdp\/informes-dosimetricos\/"},"modified":"2017-06-14T13:32:05","modified_gmt":"2017-06-14T11:32:05","slug":"informes-dosimetricos","status":"publish","type":"page","link":"https:\/\/www.dosimetria.com\/pt-pt\/servicios-sdp\/informes-dosimetricos\/","title":{"rendered":"Relat\u00f3rios dosim\u00e9tricos"},"content":{"rendered":"<p><img loading=\"lazy\" decoding=\"async\" class=\"alignnone size-full wp-image-328\" title=\"INFDOSIMETRICOS_muntatge_v2\" src=\"https:\/\/www.dosimetria.com\/wp-content\/uploads\/2012\/11\/INFDOSIMETRICOS_muntatge_v2.jpg\" alt=\"\" width=\"280\" height=\"214\" srcset=\"https:\/\/www.dosimetria.com\/wp-content\/uploads\/2012\/11\/INFDOSIMETRICOS_muntatge_v2.jpg 280w, https:\/\/www.dosimetria.com\/wp-content\/uploads\/2012\/11\/INFDOSIMETRICOS_muntatge_v2-170x129.jpg 170w\" sizes=\"(max-width: 280px) 100vw, 280px\" \/><\/p>\n<p><strong>Relat\u00f3rio mensal ou trimestral<\/strong><\/p>\n<ul style=\"text-align: justify;\">\n<li>O relat\u00f3rio mensal ou trimestral de dosimetr\u00eda pessoal cont\u00e9m as doses equivalentes recebidas por cada usuario da instala\u00e7\u00e3o.<\/li>\n<li>Incluem-se as doses equivalentes calculadas, atribu\u00eddas e informa\u00e7\u00e3o adicional se procede, como por exemplo as &#8220;notas de avalia\u00e7\u00e3o de doses&#8221; baseadas nos crit\u00e9rios objetivos relativos aos limites estabelecidos pela legisla\u00e7\u00e3o ou ao hist\u00f3rico dosim\u00e9trico do trabalhador.<\/li>\n<\/ul>\n<p style=\"text-align: justify;\"><strong>Relat\u00f3rio anual individual<\/strong><\/p>\n<ul style=\"text-align: justify;\">\n<li>Emiss\u00e3o de um relat\u00f3rio anual individual para cada trabalhador e controlo dosim\u00e9trico, onde se resumem os resultados mensais ou trimestrais e as poss\u00edveis incid\u00eancias.<\/li>\n<\/ul>\n<p style=\"text-align: justify;\"><strong>Emiss\u00e3o e envio de relat\u00f3rios<\/strong><\/p>\n<ul style=\"text-align: justify;\">\n<li>Em geral os relat\u00f3rios enviam-se por correio normal.<\/li>\n<li>Adicionalmente, sob pedido do cliente, pode-se ter acesso aos mesmos por internet no aplicativo <strong>cdNET<\/strong>.<\/li>\n<li><strong>centro de dosimetr\u00eda<\/strong> tem como um de seus principais\u00a0objetivos na sua pol\u00edtica de respeito ao meio-ambiente, melhorar a funcionalidade deste aplicativo para reduzir o envio de relat\u00f3rios em papel.<\/li>\n<\/ul>\n<p style=\"text-align: justify;\"><strong>Comunica\u00e7\u00e3o aos organismos reguladores<\/strong><\/p>\n<ul>\n<li>Mensalmente se env\u00eda um relat\u00f3rio \u00e0 Direc\u00e7\u00e3o-Geral de Sa\u00fade (DGS) com a comunica\u00e7\u00e3o das doses superiores aos valores determinados pela legisla\u00e7\u00e3o portuguesa (artigo 21 do Decreto-Lei n\u00ba 167\/2002 de 18 de Julho).<\/li>\n<li>Trimestralmente \u00e9 gerado um ficheiro que cont\u00e9m as instala\u00e7\u00f5es inscritas no SDP e as doses atribu\u00eddas a todos os usuarios durante o trimestre informado.\u00a0Este ficheiro \u00e9 enviado ao Instituto Superior T\u00e9cnico\/Instituto Tecnol\u00f3gico e Nuclear (IST\/ITN) para a sua inclus\u00e3o no Registo Central de Doses.<\/li>\n<li>Caso alguma dose supere um dos limites estabelecidos na legista\u00e7\u00e3o vigente, realiza-se uma comunica\u00e7\u00e3o espec\u00edfica \u00e0 empresa e ao organismo regulador competente.<\/li>\n<\/ul>\n<p><strong>centro\u00a0de dosimetr\u00eda<\/strong> comunica os dados de empresas, instala\u00e7\u00f5es e doses obtidas dos trabalhadores profissionalmente expostos de acord\u00f3 com os requerimentos estabelecidos pelos organismos reguladores de cada pa\u00eds:<\/p>\n<p><strong>Organismo regulador\u00a0na Espanha<\/strong>: Conselho de Seguran\u00e7a Nuclear (CSN), segundo a IT de refer\u00eancia CSN\/IT\/SDP\/CDO\/03\/02 de 15\/04\/2003.<\/p>\n<p><strong>Organismos reguladores\u00a0em Portugal<\/strong>: Instituto Superior T\u00e9cnico\/Instituto Tecnol\u00f3gico\u00a0e Nuclear (IST\/ITN)\u00a0e Direc\u00e7\u00e3o-Geral de Sa\u00fade (DGS), segundo o estabelecido no artigo 21 do DL n\u00ba 167\/2002 de 18\/07\/2002.<\/p>\n","protected":false},"excerpt":{"rendered":"<p>Relat\u00f3rio mensal ou trimestral O relat\u00f3rio mensal ou trimestral de dosimetr\u00eda pessoal cont\u00e9m as doses equivalentes recebidas por cada usuario da instala\u00e7\u00e3o. Incluem-se as doses equivalentes calculadas, atribu\u00eddas e informa\u00e7\u00e3o adicional se procede, como por exemplo as &#8220;notas de avalia\u00e7\u00e3o de doses&#8221; baseadas nos crit\u00e9rios objetivos relativos aos limites estabelecidos pela legisla\u00e7\u00e3o ou ao hist\u00f3rico [&hellip;]<\/p>\n","protected":false},"author":22,"featured_media":0,"parent":1055,"menu_order":3,"comment_status":"closed","ping_status":"open","template":"","meta":{"_acf_changed":false,"footnotes":""},"class_list":["post-1271","page","type-page","status-publish","hentry"],"acf":[],"_links":{"self":[{"href":"https:\/\/www.dosimetria.com\/pt-pt\/wp-json\/wp\/v2\/pages\/1271"}],"collection":[{"href":"https:\/\/www.dosimetria.com\/pt-pt\/wp-json\/wp\/v2\/pages"}],"about":[{"href":"https:\/\/www.dosimetria.com\/pt-pt\/wp-json\/wp\/v2\/types\/page"}],"author":[{"embeddable":true,"href":"https:\/\/www.dosimetria.com\/pt-pt\/wp-json\/wp\/v2\/users\/22"}],"replies":[{"embeddable":true,"href":"https:\/\/www.dosimetria.com\/pt-pt\/wp-json\/wp\/v2\/comments?post=1271"}],"version-history":[{"count":0,"href":"https:\/\/www.dosimetria.com\/pt-pt\/wp-json\/wp\/v2\/pages\/1271\/revisions"}],"up":[{"embeddable":true,"href":"https:\/\/www.dosimetria.com\/pt-pt\/wp-json\/wp\/v2\/pages\/1055"}],"wp:attachment":[{"href":"https:\/\/www.dosimetria.com\/pt-pt\/wp-json\/wp\/v2\/media?parent=1271"}],"curies":[{"name":"wp","href":"https:\/\/api.w.org\/{rel}","templated":true}]}}

Relatórios dosimétricos

<p><img loading="lazy" decoding="async" class="alignnone size-full wp-image-328" title="INFDOSIMETRICOS_muntatge_v2" src="https://www.dosimetria.com/wp-content/uploads/2012/11/INFDOSIMETRICOS_muntatge_v2.jpg" alt="" width="280" height="214" srcset="https://www.dosimetria.com/wp-content/uploads/2012/11/INFDOSIMETRICOS_muntatge_v2.jpg 280w, https://www.dosimetria.com/wp-content/uploads/2012/11/INFDOSIMETRICOS_muntatge_v2-170x129.jpg 170w" sizes="(max-width: 280px) 100vw, 280px" /></p>
<p><strong>Relatório mensal ou trimestral</strong></p>
<ul style="text-align: justify;">
<li>O relatório mensal ou trimestral de dosimetría pessoal contém as doses equivalentes recebidas por cada usuario da instalação.</li>
<li>Incluem-se as doses equivalentes calculadas, atribuídas e informação adicional se procede, como por exemplo as &#8220;notas de avaliação de doses&#8221; baseadas nos critérios objetivos relativos aos limites estabelecidos pela legislação ou ao histórico dosimétrico do trabalhador.</li>
</ul>
<p style="text-align: justify;"><strong>Relatório anual individual</strong></p>
<ul style="text-align: justify;">
<li>Emissão de um relatório anual individual para cada trabalhador e controlo dosimétrico, onde se resumem os resultados mensais ou trimestrais e as possíveis incidências.</li>
</ul>
<p style="text-align: justify;"><strong>Emissão e envio de relatórios</strong></p>
<ul style="text-align: justify;">
<li>Em geral os relatórios enviam-se por correio normal.</li>
<li>Adicionalmente, sob pedido do cliente, pode-se ter acesso aos mesmos por internet no aplicativo <strong>cdNET</strong>.</li>
<li><strong>centro de dosimetría</strong> tem como um de seus principais objetivos na sua política de respeito ao meio-ambiente, melhorar a funcionalidade deste aplicativo para reduzir o envio de relatórios em papel.</li>
</ul>
<p style="text-align: justify;"><strong>Comunicação aos organismos reguladores</strong></p>
<ul>
<li>Mensalmente se envía um relatório à Direcção-Geral de Saúde (DGS) com a comunicação das doses superiores aos valores determinados pela legislação portuguesa (artigo 21 do Decreto-Lei nº 167/2002 de 18 de Julho).</li>
<li>Trimestralmente é gerado um ficheiro que contém as instalações inscritas no SDP e as doses atribuídas a todos os usuarios durante o trimestre informado. Este ficheiro é enviado ao Instituto Superior Técnico/Instituto Tecnológico e Nuclear (IST/ITN) para a sua inclusão no Registo Central de Doses.</li>
<li>Caso alguma dose supere um dos limites estabelecidos na legistação vigente, realiza-se uma comunicação específica à empresa e ao organismo regulador competente.</li>
</ul>
<p><strong>centro de dosimetría</strong> comunica os dados de empresas, instalações e doses obtidas dos trabalhadores profissionalmente expostos de acordó com os requerimentos estabelecidos pelos organismos reguladores de cada país:</p>
<p><strong>Organismo regulador na Espanha</strong>: Conselho de Segurança Nuclear (CSN), segundo a IT de referência CSN/IT/SDP/CDO/03/02 de 15/04/2003.</p>
<p><strong>Organismos reguladores em Portugal</strong>: Instituto Superior Técnico/Instituto Tecnológico e Nuclear (IST/ITN) e Direcção-Geral de Saúde (DGS), segundo o estabelecido no artigo 21 do DL nº 167/2002 de 18/07/2002.</p>

<p>Relatório mensal ou trimestral O relatório mensal ou trimestral de dosimetría pessoal contém as doses equivalentes recebidas por cada usuario da instalação. Incluem-se as doses equivalentes calculadas, atribuídas e informação adicional se procede, como por exemplo as &#8220;notas de avaliação de doses&#8221; baseadas nos critérios objetivos relativos aos limites estabelecidos pela legislação ou ao histórico [&hellip;]</p>
