{"id":1319,"date":"2012-12-03T16:49:48","date_gmt":"2012-12-03T16:49:48","guid":{"rendered":"http:\/\/www.dosimetria.com\/calidad\/formacion\/"},"modified":"2013-07-22T16:32:41","modified_gmt":"2013-07-22T14:32:41","slug":"formacion","status":"publish","type":"page","link":"https:\/\/www.dosimetria.com\/pt-pt\/calidad\/formacion\/","title":{"rendered":"Forma\u00e7\u00e3o"},"content":{"rendered":"<p style=\"text-align: justify;\">A forma\u00e7\u00e3o continuada \u00e9 um dos factores fundamentais fundamentais para assegurar a manuten\u00e7\u00e3o, e inclusive potencializar as capacidades do pessoal, tanto nas \u00e1reas t\u00e9cnicas como de gest\u00e3o do servi\u00e7o.<\/p>\n<p style=\"text-align: justify;\">A empresa tem definidos planos de forma\u00e7\u00e3o em cada um dos seguintes eixos:<\/p>\n<ul>\n<li style=\"text-align: justify;\">Forma\u00e7\u00e3o do pessoal interno: Planejamento anual para o pessoal de todas as \u00e1reas<\/li>\n<li style=\"text-align: justify;\">Forma\u00e7\u00e3o de clientes e usu\u00e1rios: Mediante comunica\u00e7\u00e3o de tr\u00edpticos, folhetos e outros documentos. Adicionalmente, esta-se a trabalhar no desenvolvimento de um curso b\u00e1sico on-line acess\u00edvel para todos os clientes da empresa<\/li>\n<li style=\"text-align: justify;\">Forma\u00e7\u00e3o de \u201cpotenciais profissionais do sector\u201d: A empresa colabora com entidades de forma\u00e7\u00e3o. Neste \u00e2mbito, tem desenvolvido conv\u00e9nios com escolas que oferecem cursos no sector da protec\u00e7\u00e3o radiol\u00f3gica e universidades para oferecer est\u00e1gios aos estudantes<\/li>\n<li style=\"text-align: justify;\">Interven\u00e7\u00e3o em congressos, palestras e outros eventos do sector com a finalidade de definir, comunicar melhorias estrat\u00e9gicas desenvolvidas internamente ou em colabora\u00e7\u00e3o com outras entidades<\/li>\n<\/ul>\n","protected":false},"excerpt":{"rendered":"<p>A forma\u00e7\u00e3o continuada \u00e9 um dos factores fundamentais fundamentais para assegurar a manuten\u00e7\u00e3o, e inclusive potencializar as capacidades do pessoal, tanto nas \u00e1reas t\u00e9cnicas como de gest\u00e3o do servi\u00e7o. A empresa tem definidos planos de forma\u00e7\u00e3o em cada um dos seguintes eixos: Forma\u00e7\u00e3o do pessoal interno: Planejamento anual para o pessoal de todas as \u00e1reas [&hellip;]<\/p>\n","protected":false},"author":22,"featured_media":0,"parent":1084,"menu_order":5,"comment_status":"closed","ping_status":"open","template":"","meta":{"_acf_changed":false,"footnotes":""},"class_list":["post-1319","page","type-page","status-publish","hentry"],"acf":[],"_links":{"self":[{"href":"https:\/\/www.dosimetria.com\/pt-pt\/wp-json\/wp\/v2\/pages\/1319"}],"collection":[{"href":"https:\/\/www.dosimetria.com\/pt-pt\/wp-json\/wp\/v2\/pages"}],"about":[{"href":"https:\/\/www.dosimetria.com\/pt-pt\/wp-json\/wp\/v2\/types\/page"}],"author":[{"embeddable":true,"href":"https:\/\/www.dosimetria.com\/pt-pt\/wp-json\/wp\/v2\/users\/22"}],"replies":[{"embeddable":true,"href":"https:\/\/www.dosimetria.com\/pt-pt\/wp-json\/wp\/v2\/comments?post=1319"}],"version-history":[{"count":0,"href":"https:\/\/www.dosimetria.com\/pt-pt\/wp-json\/wp\/v2\/pages\/1319\/revisions"}],"up":[{"embeddable":true,"href":"https:\/\/www.dosimetria.com\/pt-pt\/wp-json\/wp\/v2\/pages\/1084"}],"wp:attachment":[{"href":"https:\/\/www.dosimetria.com\/pt-pt\/wp-json\/wp\/v2\/media?parent=1319"}],"curies":[{"name":"wp","href":"https:\/\/api.w.org\/{rel}","templated":true}]}}

Formação

<p style="text-align: justify;">A formação continuada é um dos factores fundamentais fundamentais para assegurar a manutenção, e inclusive potencializar as capacidades do pessoal, tanto nas áreas técnicas como de gestão do serviço.</p>
<p style="text-align: justify;">A empresa tem definidos planos de formação em cada um dos seguintes eixos:</p>
<ul>
<li style="text-align: justify;">Formação do pessoal interno: Planejamento anual para o pessoal de todas as áreas</li>
<li style="text-align: justify;">Formação de clientes e usuários: Mediante comunicação de trípticos, folhetos e outros documentos. Adicionalmente, esta-se a trabalhar no desenvolvimento de um curso básico on-line acessível para todos os clientes da empresa</li>
<li style="text-align: justify;">Formação de “potenciais profissionais do sector”: A empresa colabora com entidades de formação. Neste âmbito, tem desenvolvido convénios com escolas que oferecem cursos no sector da protecção radiológica e universidades para oferecer estágios aos estudantes</li>
<li style="text-align: justify;">Intervenção em congressos, palestras e outros eventos do sector com a finalidade de definir, comunicar melhorias estratégicas desenvolvidas internamente ou em colaboração com outras entidades</li>
</ul>

<p>A formação continuada é um dos factores fundamentais fundamentais para assegurar a manutenção, e inclusive potencializar as capacidades do pessoal, tanto nas áreas técnicas como de gestão do serviço. A empresa tem definidos planos de formação em cada um dos seguintes eixos: Formação do pessoal interno: Planejamento anual para o pessoal de todas as áreas [&hellip;]</p>
